e of 19 + (-9 + 5 - 8)?
7
What is (20 - 7) + -16 + -2 + 18?
13
What is 6 - (8 - (26 - 18))?
6
Calculate (-5 + -6 - (4 + -11)) + 2.
-2
44 + -90 + 38 + (1 - -2)
-5
What is the value of 16 + (-2 + 11 - 12)?
13
Calculate 36 - 22 - (2 - 3 - -6).
9
Evaluate 5 + -5 - 0 - 1 - (21 + -5).
-17
Calculate 3 + -4 + -16 + 1 + 34 + -32.
-14
Calculate -7 + (9 - (-2 + 9) - 7).
-12
What is (10 + -1 + 8 + -14 - 15) + 5?
-7
Calculate (21 - 17 - -9) + -11.
2
What is 144 + -146 + (-10 - -9)?
-3
Evaluate (15 - (27 + -3)) + (-1 - -2).
-8
Evaluate -2 + 1 + (1 - 4) + 7.
3
Calculate 7 - (21 - -3 - 26).
9
(-126 - -71) + 64 - (2 + -27)
34
Evaluate -53 - -34 - (-10 - 3).
-6
Evaluate (0 - (7 + -1 + -12)) + 5 + -1.
10
Evaluate (10 - ((-2 - -2) + 3)) + (-228 - -243).
22
What is -27 + (9 - -7) + -4?
-15
38 + -48 + 18 + 7
15
(-20 - -5 - -8) + 3 + (0 - 0)
-4
Calculate (40 + -77 - -26) + (0 - 7).
-18
Calculate 29 + -34 - (59 - 38).
-26
Evaluate 8 - (-6 + (-5 - -13)).
6
Calculate 7 - (13 + 10 + 13).
-29
(13 - (24 + -19)) + 7
15
What is the value of -2 + 9 + 1 + (42 - (-7 + 30))?
27
What is the value of 2 + (-3 + -6 - (-26 + 0))?
19
Calculate 29 + 0 + (2 - 13).
18
Evaluate 0 - 13 - (-10 + 31) - -12.
-22
What is the value of 4 + -12 + 8 + 35 - 15?
20
Evaluate (4 - -7 - 12) + (1 - 9).
-9
What is the value of -3 + -29 + -18 + 24?
-26
Calculate -4 + 6 - (-122 + 104).
20
Evaluate 17 + (-25 - -28) - -2.
22
Evaluate 0 + -11 + (57 - 54).
-8
Calculate 0 + (-21 - (-6 - (0 + (0 - -5)))).
-10
Calculate -28 + 126 + -134 - (1 + (1 - 3)).
-35
(16 - ((-3 - -11 - 0) + 1)) + 1
8
Calculate 2 + 1 + (13 - 19) + (-5 - -1).
-7
Evaluate -1 - -1 - (5 + -10 + 6) - -5.
4
What is 0 - (-8 + 3) - (24 - 29)?
10
What is the value of -2 - (12 + -3 + -11 - 11)?
11
Calculate (26 - 24) + (27 - -2) + -3 + -11.
17
0 - (0 + 2 - (-1 + -10 + 7))
-6
Calculate (-3 + (-7 - -10) - (2 + -6)) + -4.
0
Calculate -20 - -14 - -35 - 42 - (0 + 11).
-24
What is 36 + -17 + (-16 - -3)?
6
What is the value of 186 + -192 - (-1 + 2 + -18)?
11
What is 6 + (-7 - (-1 + (-4 + 3 - -7)))?
-6
0 - (2 + (-5 - -4)) - -1
0
Calculate -14 + 8 - (-2 + -1 + 1 + -16).
12
-16 + (-18 - -32) + (2 - 1) - -2
1
What is (-78 - -68) + 34 + 0?
24
Evaluate 514 + -487 - (29 + 1).
-3
What is 0 + -11 + (18 - 7 - 15)?
-15
Evaluate -39 + 15 - (10 - (3 + -2)).
-33
What is (-3 - (-12 - (2 + -5))) + (-2 - -10)?
14
What is (-2 - (-2 - 0)) + (2 - (18 + 5))?
-21
What is -21 + 40 + -27 + 14?
6
Evaluate 10 - (-10 + 8 + 3 + -5 - 12).
26
What is (-15 - -6) + (-1 - (-4 + 0))?
-6
What is (5 - 7) + (-2 + 1 - (-2 + -4))?
3
Evaluate 0 - (-2 + -5) - 15 - -43.
35
Evaluate 4 + 53 - (-5 - -39).
23
Evaluate -3 - (-1 - 9 - (-158 + 147)).
-4
Evaluate 7 + (-1 - (7 + -5 + 2)).
2
5 - (-201 + 206 - (0 + (2 - -5)))
7
Evaluate -3 - 7 - 2 - 2 - -10.
-4
Evaluate (0 - -12 - 12) + (1 - -1) - -6.
8
176 + -144 - (-1 - -39)
-6
What is the value of (28 - (5 - -21)) + 19?
21
What is 3 + -3 - (88 - 100)?
12
Calculate (0 - -1) + -1 + -14 + 2 + 5.
-7
What is (-344 - -362) + -25 + 0?
-7
What is the value of -3 + -1 + -1 + (-127 - -123)?
-9
Evaluate -10 + (-122 - -142 - (-1 - 6)).
17
Evaluate (-1 - -2 - -10) + (355 - 355).
11
What is 3 - (-1 - (-16 + 4 + (7 - 11)))?
-12
Evaluate 16 - (-11 + (-4 - -31)).
0
Evaluate -2 + -10 - (-6 + -31).
25
What is the value of -148 + 141 + (2 - -17)?
12
What is the value of (621 - 595) + (1 - 16)?
11
Evaluate 1 + -55 - -68 - (1 + 3).
10
What is the value of -17 + -42 + (3 - -29)?
-27
16 + -10 + 19 - 17
8
9 + (20 - 58) + 11
-18
-4 + -3 + -9 + -10 + 11
-15
(-23 - (-21 - -5)) + (23 - 2) + 0
14
What is the value of -1 + 7 + 15 + -9?
12
What is the value of (-1 - -3) + -11 + 7 + 0 + 15?
13
Evaluate (-14 + 4 - -10) + 16 + 9.
25
Calculate (3 - 6) + -4 + -7 + -2.
-16
Evaluate -4 + 1 + (-12 - -19).
4
What is (-2 - 1) + 3 - -8 - (692 - 671)?
-13
Evaluate 2 - -33 - (-15 + 24) - 11.
15
1 - (-25 - -5 - -30)
-9
What is 8 + (-11 - (10 - (0 + 3)))?
-10
Evaluate 25 + (7 + 6 - 10) + 1.
29
Evaluate 50 + (40 - 85) + (-1 + 2 - 13).
-7
Calculate -11 - (-6 - (-12 + 6 + -2) - -3).
-16
Evaluate -1 + 13 + (-1 - 13) + 731 + -721.
8
Calculate -63 - -30 - -63 - (-1 + 14).
17
(2 - (-7 + (-7 - -7))) + -2 + 0
7
Evaluate 2 + -6 - (-75 + 36 - -32).
3
What is 4 + (5 - (8 + -7))?
8
What is -12 - -1 - 1 - (12 - 11)?
-13
What is -3 - 2 - (13 + -5 + -22)?
9
-6 - (-5 + (-6 + 2 - -3) + 3)
-3
-8 - (-11 - -3) - -2 - 16
-14
-14 + (-11 - (-24 - -3))
-4
-11 - (1 + -17 - -18)
-13
Calculate -16 + -4 + (49 - 38).
-9
-2 - (7 - (-7 - -23)) - -5
12
Evaluate 43 - (-7 + (7 + -20 - -9) + 21).
33
What is the value of 13 + -33 + -10 + 22?
-8
What is -13 - (3 + -11) - (-1 - 3)?
-1
What is the value of -8 - (10 + (7 + -4 - 4))?
-17
What is -6 + (2 - (0 + -3))?
-1
2 + -3 + 13 + -2 - (-61 + 70)
1
-62 - -22 - (-17 + -6 + 11 + 3)
-31
Evaluate -18 - -14 - (1 - (-2 + -7) - -2).
-16
Calculate 3 + -16 + (-10 - -7) + (-32 - -41).
-7
Evaluate 0 - (9 - 22) - (22 - 1).
-8
What is -1 - (-2 + 0) - (1260 + -1261)?
2
What is -32 + (25 - 18) + (-4 - -1 - -14)?
-14
0 + 1 - (69 + 11 + -75)
-4
Calculate (3 - 5 - 30) + (21 + -10 - 3).
-24
Calculate (-3 - 0 - -11) + 6 + -5.
9
What is 58 - ((-10 - -17) + 25)?
26
-590 + 592 + (-7 + -2 + 1 - -2)
-4
Calculate -3 + 2 + -1 + 37 + (-25 - -17).
27
What is -1 - (12 - (12 - -12))?
11
What is -3 - (3 - (-4 + 14)) - 7?
-3
What is (3 - -1) + (254 - 250)?
8
What is the value of (-2 - 0 - -2) + 2 - (-59 + 90)?
-29
What is 7 + 1 - (-26 + 25 + 31)?
-22
What is 114 - 103 - ((7 - 1) + 3)?
2
Evaluate (86 - 75) + 0 + -12.
-1
9 + (-3 - 17 - -30)
19
What is the value of -29 + 11 + 10 + 28?
20
Calculate (4 - -1) + (9 - (4 + -4 + 6)).
8
27 - 39 - (-14 - -2)
0
What is the value of -12 - ((34 - 12) + -11)?
-23
3 + -18 + 3 + -1 + (-1 - 7)
-21
Calculate 11 + 27 + 19 + -64.
-7
Calculate -13 + 5 + (-3 - (-2 + 6)) - -10.
-5
Calculate -294 + 294 - (-1 - -10).
-9
Evaluate 5 + -13 + -10 + 24.
6
What is 87 - 67 - (1 + 14)?
5
What is the value of 7 + (-9 - -3) - (14 - 18)?
5
What is 10 - (-26 - -17) - (-3 + 11)?
11
Evaluate 860 - 864 - (17 - -1).
-22
What is (66 - 58) + -1 + (3 - (-3 - -15))?
-2
Calculate (-5 - (-12 + 11 - -5)) + -15.
-24
-1 + 6 - (134 - 146 - (-5 - 0))
12
What is the value of 0 - (3 + -16) - 4?
9
Calculate (2 + -1 - 1) + -16 + 7.
-9
What is the value of (19 - 0) + 58 + -67 + 0 + -4?
6
Evaluate 0 + (-40 + 54 - (2 + (-1 - 0))).
13
What is -37 + 53 + (-19 - -6) - -5?
8
What is the value of -1 + -28 - (9 - -37 - 45)?
-30
Calculate (1 - (20 - 20)) + 1 + 1 + 2.
5
Calculate -1 - 5 - (156 + -149 + (1 - 7)).
-7
Evaluate -331 + 352 + (1 - 4).
18
Evaluate (2 - 7) + -5 - -3 - 2.
-9
-39 - (-55 + 3 + 16)
-3
2 + 20 + -10 + 7
19
Evaluate (7 + 1 - 0 - 16) + 6 - -1.
-1
What is the value of (10 - (11 - (-8 - -9))) + -10 + -8?
-18
What is 17 + -20 - (-4 - (-1 - -38 - 2))?
36
Evaluate -10 - ((91 - 88) + (-7 - (-2 + 4))).
-4
What is 8 - (-8 - (-5 - -1 - -3) - -37)?
-22
0 - -27 - (29 + -20) - 8
10
Calculate (-6 - -9 - 22) + 21.
2
-33 + 20 + 1 + (26 - 31)
-17
Calculate -5 - (-6 - 15) - 1.
15
What is -2 - (9 - 13) - (4 + -7 - -3)?
2
Calculate -13 - (0 + -26 + (9 - -1) - -6).
-3
What is the value of -24 + 44 + (-10 - (1 + 1 + -5))?
13
Evaluate -213 - -234 - (-1 + 14) - (50 - 7).
-35
What is the value of 34 + -53 + 25 - ((1 - 2) + -4)?
11
8 + -42 + 42 - (5 - (3 + -1))
5
What is the value of -3 + 2 + -1 - (121 - (-28 + 158))?
7
What is 4 - (1 + (-4 + 5 - 2) + 9)?
-5
Evaluate 2 + 5 + 4 - (16 - 35).
30
Evaluate -5 + 17 + -6 + -8 + -5 + -6.
-13
What is -8 - (-4 + -6 + 5)?
-3
What is -28 + 31 + (0 - -6)?
9
What is (3 - -8 - 16) + (-6 - -4)?
-7
What is the value of 22 + -57 + 36 + (2 - 3) + 1?
1
Evaluate 7 + (10 + -9 + -2 - 3).
3
What is the value of (43 - 72) + 37 + (-2 + -6 - -2)?
2
What is the value of (9 + -10 - (-1 - (-9 - 2))) + -2?
-13
What is -4 - (6 - 7) - (4 + 3)?
-10
What is the value of 21 + (-22 - -10) + -1?
8
Evaluate -1 + 2 + 1 + (-356 - -364).
10
What is -10 + -1 + 3 + -9 - -2?
-15
What is the value of -12 + (2 - 1) + (31 + -18 - 12)?
-10
-10 - ((1 - 14 - -2) + -5)
6
Calculate -28 - 10 - (-169 + 103).
28
(10 - 2) + -17 + 17
8
What is the value of -13 + 25 - 8 - 13 - 5?
-14
What is the value of 13 + -19 + (0 - 2 - -4) + 1?
-3
(-26 - -4 - -17) + -16
-21
Calculate 0 + 16 + (98 - 107).
7
Evaluate -6 + 4 + ((12 - 11) + -6 - -18).
11
Evaluate 1